*3 - 6*z**2 - 4. Let w(j) = j**3 + 5*j**2 + 4. Let v(o) = 2*k(o) + 3*w(o). What is v(3)?
4
Let v(d) be the first derivative of -d**2 + 2*d - 1. Let y(j) = 3*j**2 - 1. Let z be y(-2). Let k = -8 + z. Calculate v(k).
-4
Let p(m) = -4*m**2 + 5*m - 1 + 6*m**2 + 3 - 3*m**2. Determine p(5).
2
Suppose -5*q + 3 - 15 = -2*d, d = 4*q + 9. Suppose -1 = a - 5. Let h(c) = -c + 2*c**2 + a*c + 2*c**2 - 3*c**2 + 3. Calculate h(q).
1
Let v = 34 + -36. Let f(u) = 3*u**3 + 2*u**2 - u. Determine f(v).
-14
Let u(j) = 3 - 5 - 2*j - 2*j. Calculate u(2).
-10
Let v(k) be the third derivative of k**4/24 + k**3/3 + 13*k**2. Let x = -3 - -1. Calculate v(x).
0
Let d(a) = -6*a + 8*a + 5*a - a**2 - 7. Determine d(6).
-1
Let a(x) = -x**2 + 3*x + 5. Let h(q) = q + 9. Let c be h(-3). Suppose -4*f - f + 5 = 0. Let y = c - f. Calculate a(y).
-5
Let c(z) = 0 - 1 - 3*z**2 + 6*z**2 - 11*z - 4*z**2. Let f be c(-11). Let u(t) = 3*t**2 - t - 1. Give u(f).
3
Let x(u) = -8 - 1 - 25*u + 8. Determine x(-1).
24
Let w = -7 - -12. Let a(g) = -4 + w*g + 1 + g**2 + 7. Calculate a(-5).
4
Let h(z) = -z**3 - 4*z**2 + 6*z - 1. Let r be (-48)/9 - (-2)/6. Determine h(r).
-6
Let m(b) = -3*b + 11*b - 2*b + 11 - 5*b. What is m(0)?
11
Let f(a) be the first derivative of -2*a**2 + 2*a - 7. Calculate f(-2).
10
Let v be (5 - 2) + 0 + -7. Let y(p) = -3*p - 5. Determine y(v).
7
Let x(q) = -2*q**2 - 4*q - 6. Let r be ((-25)/(-2))/5*-2. Let v(p) = -p**2 - p - 1. Let s(u) = r*v(u) + x(u). Calculate s(1).
3
Let i(t) = -t**3 + t**2 - t - 2. Let l(q) = q**2 + 14*q + 3. Let z be l(-14). Calculate i(z).
-23
Let f(a) = a**2 + 7*a - 3. Let b be f(-7). Let d be (b - -1) + 1 + -1. Let y(s) = s**2 + 3*s - 2 - 3*s. Determine y(d).
2
Let q(k) = -k**2 - 5*k - 4. Suppose -6 - 4 = 2*z. Give q(z).
-4
Let z(t) be the first derivative of -t**3/3 + t**2/2 - 8*t + 13. Let c be (-2)/(-9) + 2/(-9). Give z(c).
-8
Let n(g) = -2*g - 5. Let v be n(-6). Let x = v - 4. Let i(y) = 2*y**2 - 4*y + 1. What is i(x)?
7
Let w be (1 - (-4)/(-4)) + -6. Let l(d) = 2*d + 16. Let i be l(w). Let k(x) = -x**2 + 6*x - 6. Determine k(i).
2
Let i be 4 + 0 - 1/1. Suppose q + i*q = -4. Let d(r) = -2*r**3 - 3*r + 4. Let c(b) = 4*b**3 + 5*b - 7. Let a(u) = 4*c(u) + 7*d(u). What is a(q)?
-1
Let l(g) be the first derivative of g**4/12 + g**3/2 - 3*g**2/2 + 3*g - 1. Let a(p) be the first derivative of l(p). What is a(-3)?
-3
Let m(s) = s**3 - 3*s**2 - 2*s - 1. Let y be m(4). Let c = y - 12. Let h(p) = p**2 + 6*p + 2. Calculate h(c).
-3
Let l(g) = -g + 6. Let u be l(4). Let m(x) = x + x**u - 2 - 3 + 2. Give m(3).
9
Suppose 3*x + 0*x = 15. Suppose -5*l + 15 = -x*r, r = 2*l + 2*l - 21. Let m(c) = -c**2 + 6*c. Give m(l).
0
Let h(t) be the third derivative of -t**5/60 - 5*t**4/24 - 2*t**3/3 + 4*t**2. Let f be h(-3). Let b(s) = -f - 2*s + s - 2 + 3. Determine b(-1).
0
Let s(b) = -7*b**2 - 3*b - 5. Let w(p) = -2 - 2 - 5*p - 5*p**2 - 6*p**2 - 4. Let q(x) = 8*s(x) - 5*w(x). Calculate q(2).
-2
Let l(h) = 5*h**3 - 3*h**2 - 9*h + 7. Let p(b) = 14*b**3 - 9*b**2 - 26*b + 20. Let s(g) = -11*l(g) + 4*p(g). Calculate s(3).
-12
Suppose 0*q = 3*q + 5*t, -3*q + t = -18. Let s(x) be the third derivative of x**4/24 - x**3/2 + 3*x**2 - 2*x. Determine s(q).
2
Let d(f) = 3*f - 71*f**2 + 40*f**2 + 34*f**2 - 3. Give d(2).
15
Suppose -2*c + 5*c = 3*l, -2*c = 4*l. Let q(i) = -i**3 - i - 3*i + i - 5 + 2*i + i**2. Determine q(l).
-5
Let k(a) = -5*a. Suppose -6*z + z + 5 = 0. Suppose 0 = -5*j + 6 - z. Calculate k(j).
-5
Let r(q) be the first derivative of -4*q - 1/2*q**2 + 7. What is r(6)?
-10
Let z(p) be the second derivative of p**4/12 - p**3 + p**2/2 - 5*p. Let a = -9 + 14. What is z(a)?
-4
Let r(u) = 2*u**2 + u - 2. Let z = 25 + -16. Suppose -5*t = z + 1. Give r(t).
4
Let k(w) = 2*w**3 - w**3 + 5*w**2 + 0 - 7. Let x(g) = -g - 4. Let o be x(-7). Suppose 4*q = -a + o, -2*a - 3*q = a + 9. Give k(a).
-7
Let w(q) be the third derivative of -q**4/4 + q**3/2 + 10*q**2. Determine w(2).
-9
Suppose f - 2*n = -4*f + 2, -n + 4 = 0. Suppose -35 + 116 = 4*h + j, -f*h + j = -39. Let i(d) = -6 + 5 - h*d + d**3 + 20*d. Determine i(0).
-1
Let o(x) = x. Let v(h) = 2*h**3 - h**2 + 2*h - 1. Let s be v(1). Calculate o(s).
2
Let m(r) = -r**2 + 8. Suppose -3*y - 12 = -2*y + 4*z, -4*z - 12 = -y. What is m(y)?
8
Let a(c) = c**3 - c**2 - c - 2. Let w(g) = g**3 - g**2 - g - 1. Let q(l) = 2*a(l) - 3*w(l). Calculate q(0).
-1
Suppose -4*v + o + 27 = 0, -3*o = -0*o + 9. Let m(s) = -s**2 + 6*s - 1. Give m(v).
-1
Let o(j) = -j**3 - 4*j**2 - 2*j - 3. Let s be 1*(3 - (-2 + 6)). Let x be 2/(-2)*-1 - 3. Let i = x + s. Calculate o(i).
-6
Let k(z) = -z. Let d(g) = g**3 - 2*g**2 + 4*g - 4. Let c be d(2). Give k(c).
-4
Let m(z) = z**2 + 3*z - 2. Let l(w) = w**2 + 4*w**2 + 2*w**2 - 3 - 4*w - 6*w**2. Let f be l(4). Calculate m(f).
-2
Let w(x) = 1 + 2*x + 3 + 0. What is w(-4)?
-4
Let v(u) = -u**3 - u - 1. Let p(g) = 3*g**3 - 3*g. Let i(f) = p(f) - v(f). Suppose -3*a + 5*c + 0 = 1, 3*a + 2*c = 13. Suppose 4*b - a = 1. What is i(b)?
3
Suppose -25 = -3*q - 2*q. Let j = 8 - q. Let t(c) = -5*c + 4*c**3 - 3*c**j + 5*c**2 - c**2 + 6. Calculate t(-5).
6
Let o be 78/8 - 9/(-36). Suppose 2*y + 6 = o. Let l(b) be the first derivative of -3*b**2/2 + 3*b + 1. Calculate l(y).
-3
Let t(c) = -c - 2*c**2 - 3*c - c**3 + 4*c**2 + 3 + 0. Give t(2).
-5
Suppose 4 = -3*j + 4*x, 2*x - 4 = -2*j + 3*j. Let m(a) be the third derivative of -a**6/120 + a**5/20 + 5*a**4/24 - a**3/2 + 3*a**2. Give m(j).
1
Suppose 4*y - y = 9. Let w be 3*((-4)/y)/4. Let v(z) be the third derivative of z**6/24 - z**4/12 - z**3/6 - 3*z**2. Determine v(w).
-4
Let m(d) = -5*d + 2. Let p = 146 + -144. Give m(p).
-8
Let y(h) = h + 14. Let u be y(-11). Let v be u*(-2 + 5)/3. Let s(c) = -5*c + 4. Give s(v).
-11
Let k(j) = -11*j. Let v(z) = -2*z + 10. Let o be v(4). Determine k(o).
-22
Let l(m) = -m**3 - 5*m**2 + 5*m + 7. Let x(q) = -3*q**3 - 16*q**2 + 14*q + 22. Let v(b) = -7*l(b) + 2*x(b). Suppose -2*s + 3*s + 4 = 0. Give v(s).
7
Suppose 4*y + 5*r - 14 = 0, -5*y + 5*r + 2 - 7 = 0. Let h(v) = 2*v**2 - v + 1. Determine h(y).
2
Let v(b) = 8*b - 1. Let t be (4/6)/((-14)/63). Let d be (t - -5 - 1)/1. Give v(d).
7
Let v(a) = 5*a**3 - 2*a**2 - 3*a. Let f(w) = -4*w**3 + w**2 + 3*w. Suppose 0 = -9*x + 4*x + 30. Let r(p) = x*f(p) + 5*v(p). Give r(4).
12
Let j(m) be the second derivative of 3*m**5/20 - m**4/12 + m**3/6 + m**2/2 - 3*m. Let i be j(-1). Let l(q) = -q**3 - 4*q**2 + 2*q + 2. Give l(i).
-6
Let b(x) = x**2 + 4*x - 6. Suppose -g = 5*v + 1, 3*v - 34 = 5*g - v. Calculate b(g).
6
Suppose 6*c = 4*c + 12. Let l(m) = m**2 - 8*m + 6. Let u be l(c). Let v(p) = -p**2 - 6*p + 7. Give v(u).
7
Let t be -1 - (-16)/(-4)*-1. Let h(o) = 4*o**2 - 5*o + 4. Let v(s) = -s**2 + s. Let c(p) = h(p) + 3*v(p). Give c(t).
7
Let p(f) = -3*f + 5 + 3*f**2 + 0 - 3 - 6*f**2. Give p(2).
-16
Let u(i) = 6*i**2 - 12*i + 6. Let f(h) = h**2 - h. Let x(t) = 5*f(t) - u(t). Calculate x(7).
-6
Let p(x) = -x**2 - 3*x**2 - 52*x + 0 - 2 + 51*x. Calculate p(2).
-20
Let l(u) = -u - 1. Let o be l(-8). Let f(b) = 3*b**3 - b. Let z be f(1). Let r(x) = -6*x + o*x + x**2 + 2*x**z. Give r(-1).
2
Let d = -1 + 5. Suppose 2*o = d*o + 10. Let q(v) be the first derivative of -v**2/2 - 3*v - 1. Calculate q(o).
2
Let l(q) = -q**2 + 3. Let v = 14 - 10. Suppose -3*f + 11 = v*w - 3, 3*f - 2 = 2*w. Suppose 2*t = -0*r + r + 7, -4 = w*r - 2*t. Calculate l(r).
-6
Let y(t) = -7 + 3*t + 3*t - 3*t. Suppose v + 5*n = -0*v - 11, -1 = -n. Let z = v + 21. What is y(z)?
8
Let i(y) = -7*y**2 + 5*y + 8. Let q(a) = 3*a**2 - 3*a - 4. Let x(p) = 2*i(p) + 5*q(p). Give x(6).
2
Let m(u) = 2*u. Let v(o) = 8*o - o**2 + 2 + 7*o + 0. Let p be v(15). Determine m(p).
4
Suppose 2*n + 10 = 2*b, b - 9 = 3*n - 0*n. Let f(k) be the first derivative of -5/3*k**b + k**2 - 1 + 1/4*k**4 - k. Calculate f(2).
-9
Let x(q) = -4*q + 15. Let k be x(4). Let f(z) = -7*z**3 + z**2 + z. Give f(k).
7
Let a(q) = -23*q + 8. Let v(f) = -11*f + 4. Let z(r) = 6*a(r) - 13*v(r). Determine z(3).
11
Let r(k) = k**3 + 2*k**2 + k. Suppose 3*z + 6 = -3*o, 2*o + 10 = -3*o - 2*z. Let c be 3/o + 2/4. Give r(c).
0
Let l(m) = 3*m + 43. Let z(n) = 2*n + 29. Let w(t) = 5*l(t) - 7*z(t). Calculate w(-6).
6
Let u(p) = -3 - 9*p**2 + p**3 - p + 6*p**2 + 0*p**2. Give u(3).
-6
Let b(t) = -4*t - 2. Let y(r) = r**3 + 4